e greatest common factor of 23540 and 55.
55
Calculate the greatest common divisor of 741552 and 280.
56
What is the greatest common factor of 1037 and 190468?
17
What is the highest common divisor of 888 and 24384?
24
Calculate the greatest common factor of 89 and 186811.
89
What is the highest common divisor of 4518 and 90?
18
Calculate the greatest common divisor of 53640 and 90.
90
Calculate the highest common divisor of 60 and 2673640.
20
Calculate the highest common factor of 507 and 1182831.
507
Calculate the highest common divisor of 81 and 2088.
9
Calculate the highest common divisor of 11445 and 210.
105
Calculate the highest common divisor of 1015516 and 12.
4
Calculate the highest common factor of 147 and 5978.
49
What is the greatest common divisor of 560 and 74312?
56
Calculate the greatest common factor of 14245 and 6919.
407
What is the greatest common factor of 45 and 8451?
9
Calculate the highest common divisor of 206159 and 12529.
1139
What is the highest common factor of 428568 and 9?
3
Calculate the highest common divisor of 644 and 33152.
28
Calculate the greatest common divisor of 1555 and 30.
5
What is the greatest common factor of 479500 and 252?
28
Calculate the highest common factor of 133 and 3202241.
133
What is the highest common divisor of 2436 and 1344?
84
What is the greatest common divisor of 2336 and 33507?
73
Calculate the highest common factor of 12151 and 2871.
29
What is the greatest common divisor of 2384 and 52150?
298
What is the greatest common divisor of 40 and 177640?
40
What is the greatest common factor of 3 and 67493?
1
What is the highest common divisor of 26826 and 442?
34
Calculate the highest common divisor of 104882 and 1603.
229
Calculate the greatest common factor of 111402 and 162.
54
What is the greatest common factor of 64 and 11492032?
64
Calculate the highest common divisor of 24827 and 1221.
407
Calculate the greatest common factor of 770 and 42108.
22
Calculate the highest common factor of 288 and 195264.
288
What is the highest common divisor of 4 and 7778?
2
Calculate the greatest common divisor of 22416 and 800.
16
What is the highest common divisor of 8342 and 7310?
86
Calculate the greatest common factor of 35 and 9205.
35
What is the greatest common factor of 364 and 160342?
182
Calculate the highest common divisor of 134748 and 522.
18
Calculate the greatest common factor of 1033 and 7228934.
1033
What is the highest common divisor of 737134 and 134?
134
Calculate the greatest common factor of 418 and 5014119.
209
What is the greatest common factor of 278933 and 146?
73
Calculate the highest common factor of 423674 and 6358.
578
Calculate the greatest common divisor of 32438 and 196.
98
Calculate the highest common factor of 497119 and 1645.
329
Calculate the greatest common divisor of 424 and 47864.
8
Calculate the greatest common factor of 226181 and 111.
37
Calculate the highest common divisor of 147 and 188503.
49
Calculate the highest common factor of 220 and 125245.
5
What is the highest common factor of 3520 and 130570?
110
What is the greatest common divisor of 7897 and 27863?
149
Calculate the highest common factor of 65 and 560885.
65
Calculate the highest common divisor of 74252 and 38.
38
Calculate the greatest common divisor of 5643 and 556149.
627
Calculate the highest common factor of 157910 and 230.
10
What is the greatest common factor of 3114 and 234?
18
Calculate the greatest common factor of 61 and 315919.
61
What is the greatest common divisor of 11288 and 1496?
136
What is the highest common factor of 558 and 1402533?
279
Calculate the greatest common divisor of 3655 and 176085.
215
What is the highest common divisor of 800547 and 51?
51
Calculate the highest common factor of 54 and 260388.
54
What is the greatest common factor of 26446 and 56?
14
Calculate the greatest common divisor of 525 and 37450.
175
What is the highest common factor of 23440 and 16400?
80
Calculate the highest common divisor of 134 and 76447.
67
Calculate the greatest common divisor of 5040 and 14160.
240
What is the greatest common factor of 1624 and 19592?
8
Calculate the greatest common divisor of 1526745 and 570.
285
What is the highest common divisor of 20 and 368870?
10
Calculate the highest common divisor of 92739 and 228.
57
Calculate the greatest common divisor of 207227 and 3.
1
Calculate the highest common factor of 11178 and 84870.
414
Calculate the highest common divisor of 441 and 3072447.
441
Calculate the greatest common factor of 621 and 124568.
23
What is the greatest common factor of 12259 and 39?
13
Calculate the greatest common factor of 1242 and 71898.
138
What is the greatest common divisor of 53375 and 1015?
35
Calculate the greatest common factor of 784 and 11809.
49
Calculate the greatest common factor of 2448 and 64.
16
Calculate the greatest common factor of 6 and 77526.
6
What is the highest common divisor of 24 and 16950?
6
Calculate the highest common factor of 14 and 110894.
14
Calculate the highest common divisor of 1420 and 10.
10
Calculate the greatest common divisor of 15584 and 384.
32
What is the highest common factor of 504218 and 286?
286
What is the greatest common divisor of 18 and 299124?
18
Calculate the greatest common divisor of 1735 and 17003.
347
What is the greatest common divisor of 422 and 27?
1
Calculate the highest common divisor of 270 and 360666.
54
What is the greatest common divisor of 884522 and 444?
74
What is the greatest common factor of 2773 and 4324?
47
What is the greatest common divisor of 114 and 10254?
6
Calculate the highest common divisor of 12170 and 110.
10
Calculate the greatest common divisor of 56 and 2069564.
28
Calculate the highest common divisor of 492 and 79622.
82
What is the highest common divisor of 833087 and 218?
109
What is the greatest common factor of 1603 and 329531?
229
Calculate the greatest common factor of 310 and 574.
2
Calculate the greatest common divisor of 314 and 4867.
157
What is the highest common divisor of 518 and 74242?
14
What is the greatest common divisor of 1903 and 11?
11
Calculate the greatest common factor of 279 and 84785.
31
What is the highest common divisor of 583275 and 202?
101
What is the greatest common divisor of 24 and 326056?
8
Calculate the highest common divisor of 36614 and 22.
2
Calculate the greatest common divisor of 435 and 1599495.
435
What is the highest common divisor of 735608 and 24?
8
What is the greatest common factor of 1936 and 9456?
16
What is the greatest common factor of 820 and 654196?
164
Calculate the highest common divisor of 388971 and 33.
33
What is the greatest common divisor of 200 and 26160?
40
Calculate the highest common factor of 399900 and 516.
516
Calculate the greatest common factor of 2396 and 120.
4
What is the greatest common factor of 19438 and 4?
2
Calculate the greatest common divisor of 365156 and 193.
193
Calculate the greatest common divisor of 9157776 and 48.
48
What is the highest common factor of 572 and 88?
44
What is the greatest common factor of 27809 and 2?
1
Calculate the greatest common factor of 243276 and 3168.
132
What is the greatest common factor of 24966 and 27702?
342
Calculate the highest common factor of 352980 and 60.
60
What is the greatest common divisor of 67 and 1543412?
67
What is the greatest common divisor of 1076499 and 9?
9
What is the greatest common factor of 96 and 79164?
12
What is the greatest common factor of 153 and 83871?
9
Calculate the highest common factor of 374 and 3706.
34
Calculate the highest common divisor of 257771 and 34.
17
What is the highest common divisor of 2747 and 9963?
41
What is the highest common divisor of 7900 and 24095?
395
Calculate the greatest common factor of 208 and 224144.
16
What is the highest common divisor of 104559 and 42?
21
Calculate the highest common divisor of 190200 and 216.
24
Calculate the greatest common divisor of 184 and 31487.
23
What is the highest common factor of 556020 and 180?
180
Calculate the greatest common factor of 2860 and 6292.
572
What is the highest common factor of 8415 and 88077?
561
What is the greatest common divisor of 5472 and 1197?
171
What is the greatest common divisor of 206416 and 112?
112
Calculate the highe